isor of v and t?
5
Suppose 5*y = y - 12. Let x be y/(-2)*32/6. Calculate the greatest common factor of 72 and x.
8
Let w(k) = -k**2 + 5*k + 5. Let o be w(5). Calculate the greatest common divisor of 20 and o.
5
Let m = -150 - -290. Calculate the highest common divisor of 35 and m.
35
Let p(l) = -l**2 - 10*l - 5. Let x be p(-8). Suppose x = 3*n + 2. Let r = -63 + 96. Calculate the highest common factor of r and n.
3
Let u(j) = -j**3 + 2*j - 6. Let n be u(-3). Let a be (8/(-10))/(2/(-35)). Let k be (-1)/(-3) - a/(-3). What is the highest common factor of n and k?
5
Let q(o) = -o**3 + 12*o**2 + 9. Let c be q(6). What is the greatest common factor of c and 25?
25
Let g be 10 + (-1 - -1) + 0. Suppose 4*u = u. Suppose u = -2*a + a + 90. Calculate the highest common divisor of g and a.
10
Let p = -69 + 79. Calculate the highest common divisor of 10 and p.
10
Let d be (-1 - 1) + 56/2. Let n = d + -17. Suppose -4*j + 56 = -4*i - 0, 5*j + 2*i - 98 = 0. Calculate the highest common factor of n and j.
9
Let s be (-10)/(-3)*(-12)/5. Let o = 2 + s. Let w be 1 - (-71 - o/3). Calculate the greatest common divisor of w and 14.
14
Suppose 4*x - 3 = 37. Let a(o) = 3*o. Let d be a(x). Calculate the greatest common divisor of d and 75.
15
Let j be (-6)/(0 + 2)*-3. Let i be (-570)/(-8) + 6/(-24). Suppose -i = 4*y - 431. Calculate the highest common factor of y and j.
9
Let n(d) = -d**2 - 10*d - 8. Let i be n(-5). What is the greatest common factor of i and 289?
17
Suppose 5*f = -2*i + 269, -8*i = -4*f - 3*i + 235. What is the greatest common factor of 11 and f?
11
Suppose -3*g + 2 = -37. Let u(v) = 3*v**2 + v. Let q be u(4). What is the greatest common factor of q and g?
13
Let g be ((-9)/(-3) - -1) + -3. What is the highest common factor of 1 and g?
1
Let z be (1 - 2)/(25/(-100)). Calculate the highest common divisor of z and 12.
4
Suppose 10 = -b + 5*x, -50 = -0*b - 2*b - 4*x. Calculate the greatest common factor of 3 and b.
3
Suppose 3*m + y = m + 218, m - 112 = y. Suppose -n = -5*n + 88. Calculate the highest common factor of n and m.
22
Suppose -212 = -i + 85. What is the greatest common divisor of 27 and i?
27
Let c = -43 - -69. Calculate the highest common factor of 39 and c.
13
Let r(t) = 10*t - 1. Let i be r(2). Let x be (-4002)/(-30) - 2/5. What is the greatest common divisor of x and i?
19
Suppose g = 4*h - 4*g - 113, 4*h + g - 107 = 0. What is the greatest common divisor of 81 and h?
27
Let s(j) = -j**3. Let g be s(-2). Suppose 4*u + 2*l - 24 = 0, 0 = 5*u - l + 18 - 62. Calculate the highest common factor of g and u.
8
Let x = 1 - -6. Suppose -2*k + 2*g = -18, -k + 2*g + 6 = -x. Suppose -31 = -k*a + 19. Calculate the greatest common factor of 70 and a.
10
Let z be (1 - 31)*6/(-4). Let t(p) = 5*p**3 - p - 1. Let s be t(-1). Let c(a) = -a + 4. Let i be c(s). What is the greatest common divisor of z and i?
9
Let g be (-12)/(-10) - 2/10. Suppose -7*u + 3*u = -4. Calculate the greatest common factor of g and u.
1
Let k = 8 + -5. Let h = 1 + -6. Let r be h*k/((-3)/8). Calculate the highest common factor of 20 and r.
20
Let u(s) = -7*s + 1. Suppose m = 3*q + 15, -q + 3*q + 10 = 3*m. Let r be u(q). Let v be -1 + (-7)/((-21)/r). What is the greatest common factor of 1 and v?
1
Let y(j) = 0*j - 7 - 7*j + j**2 + 3*j + 0. Let d be y(7). What is the greatest common factor of d and 21?
7
Suppose f = -f. Suppose -m + 4*m - 324 = f. Calculate the highest common divisor of 12 and m.
12
Suppose -3*m + 7*m = 4*k - 36, -3*k - 5*m = -51. Calculate the greatest common divisor of 192 and k.
12
Suppose -98 = -9*q + 82. Calculate the greatest common divisor of q and 20.
20
Let x(z) = 5*z + 40. Let y be x(-6). Suppose -2*l - 2*l + 16 = -3*u, 3*u - l = -4. Suppose u = -j + 2 + 13. Calculate the highest common factor of y and j.
5
Let g = 41 + 221. Let q = -142 + g. Let f be ((-10)/6)/((-5)/45). What is the greatest common factor of q and f?
15
Let n be 2/4*2*15. Let s = n - 8. Calculate the highest common divisor of s and 63.
7
Suppose -2*z + 528 = -0*z. Suppose 0*t - z = -2*t. Calculate the highest common factor of 12 and t.
12
Let g be (-28)/70 + (2 - (-96)/15). What is the greatest common divisor of g and 12?
4
Let x be 0/(3 + (-3 - 2)). Let p be ((-1)/1 + x)*2. Let b(s) = -3*s - 1. Let k be b(p). Calculate the highest common factor of 2 and k.
1
Let g(q) = 6*q - 6. Let s be g(6). Calculate the greatest common factor of s and 150.
30
Let m be 2/4 + 5/10. Suppose -n + 47 - m = 0. Calculate the greatest common factor of n and 115.
23
Let l(s) be the second derivative of -s**4/12 - 11*s**3/6 - s**2 - 3*s. Let x be l(-8). Calculate the greatest common factor of 33 and x.
11
Let c be 68/2*-1*1. Let z = 74 + c. Calculate the highest common factor of 16 and z.
8
Suppose -x - 35 = 19. Let j = x - -81. Calculate the highest common factor of j and 3.
3
Suppose 0 = 4*b - 3 - 13. What is the highest common factor of 3 and b?
1
Let f be (-880)/(-90) + 2/9. Calculate the greatest common factor of f and 40.
10
Let w(i) = -2*i - 4. Let v be w(-11). Calculate the greatest common factor of 12 and v.
6
Suppose 15 = -5*n + 5*d, -2*n - 3 = -4*d + 13. Calculate the greatest common divisor of n and 18.
2
Let y be 2*5*9/6. Suppose 5*d = 2*i - 45, -d - 24 = -2*i + 9. What is the highest common factor of i and y?
15
Suppose -2*a = 3*f - 28 - 48, -5*f + 118 = -a. Let x = f + -14. What is the highest common factor of 10 and x?
10
Suppose n - 5 = -4*w, -3*w + 4*n - 2*n + 12 = 0. Calculate the highest common factor of 3 and w.
1
Suppose -3*y = -6 - 12. What is the highest common factor of y and 4?
2
Let s be (-920)/(-6) - 1/3. Suppose -85 - 34 = -7*m. Calculate the greatest common divisor of m and s.
17
Let b = 13 + -8. What is the greatest common factor of b and 10?
5
Suppose 2*i + 3*i = -g + 657, -2*g + 258 = 2*i. Calculate the greatest common divisor of 22 and i.
22
Suppose -7*x - 53 = -151. What is the greatest common divisor of x and 126?
14
Suppose 3*q - 2*q + 479 = 3*t, 3*q + 637 = 4*t. What is the greatest common factor of t and 64?
32
Suppose 4*l = -0*l + 36. Suppose 3*x - l = -0*x. Let r(h) = h + 6. Let d be r(-5). Calculate the highest common factor of d and x.
1
Suppose -4*n + 29 = q, 0 = -4*n - 0*q + 2*q + 14. What is the greatest common divisor of n and 6?
6
Suppose -25*j + 22*j = -51. What is the greatest common factor of j and 17?
17
Suppose 0 = -40*q + 43*q - 42. What is the highest common factor of q and 98?
14
Suppose u + 9 = 2*u. What is the greatest common divisor of 12 and u?
3
Let j(s) = s - 2*s - 1 + 7*s**2 + 8*s**2. Let f = -1 - 0. Let a be j(f). What is the greatest common factor of 10 and a?
5
Let q = -28 - -33. What is the highest common factor of q and 5?
5
Let v = 164 + -315. Let p = -94 - v. Let u = p - -13. Calculate the greatest common divisor of 28 and u.
14
Suppose -2*w = -4*v + 308, 3*v + 2*w + 3*w = 231. What is the highest common divisor of v and 7?
7
Suppose 0 = v - 1 - 4. Suppose 0 = -5*s - v*p - 10, -s + 0*p = -p - 4. Suppose -2*d - z = -0*z, 2*d = 2*z + 6. Calculate the greatest common divisor of d and s.
1
Suppose 0 = -5*r - 4 - 1. Let i be (1/r)/(1/(-32)). Calculate the greatest common divisor of i and 48.
16
Let i be ((-3)/5)/((-5)/(150/9)). Calculate the highest common divisor of 32 and i.
2
Let q(p) = -p**3 - 4*p**2 + 6*p + 6. Let h be q(-6). What is the greatest common factor of h and 28?
14
Let l be -5 + 5 - 1*-20. Calculate the highest common factor of 40 and l.
20
Suppose 0 = x + x + 4. Let q be 45/20 - x/(-8). Suppose n - 4 = -i - q*n, 4*n = 3*i - 12. Calculate the greatest common factor of i and 44.
4
Suppose 0 = 3*x - 3*t + 21, 4*t - 13 = -3*x + 2*x. Let o = 3 - x. Calculate the greatest common divisor of o and 30.
6
Let t be (-6 - -174)*(-1)/(-1). Calculate the greatest common divisor of 21 and t.
21
Let i = -50 - -146. Calculate the greatest common factor of 24 and i.
24
Let j(t) = 3*t**3 + t**2 + t + 2. Suppose 0 = a - 0*a + 2. Let c be j(a). Let i be 3 + (0 - c) - 1. What is the greatest common factor of i and 33?
11
Suppose 5*m + l - 19 = 1, -m - 4*l = 15. What is the highest common divisor of m and 15?
5
Suppose x = 4*d + 9 - 1, 0 = -2*d. Let r(y) = -44*y**3. Let v be r(-1). Let t be v*3*(-8)/(-12). Calculate the greatest common divisor of t 